[INFO] fetching crate up-rs 0.14.1...
[INFO] checking up-rs-0.14.1 against master#e6e4f7ed1589e03bc2f6c5931c1a72e7947e8682 for beta-170-4
[INFO] extracting crate up-rs 0.14.1 into /workspace/builds/worker-6-tc2/source
[INFO] validating manifest of crates.io crate up-rs 0.14.1 on toolchain e6e4f7ed1589e03bc2f6c5931c1a72e7947e8682
[INFO] running `Command { std: CARGO_HOME="/workspace/cargo-home" RUSTUP_HOME="/workspace/rustup-home" "/workspace/cargo-home/bin/cargo" "+e6e4f7ed1589e03bc2f6c5931c1a72e7947e8682" "metadata" "--manifest-path" "Cargo.toml" "--no-deps", kill_on_drop: false }`
[INFO] started tweaking crates.io crate up-rs 0.14.1
[INFO] finished tweaking crates.io crate up-rs 0.14.1
[INFO] tweaked toml for crates.io crate up-rs 0.14.1 written to /workspace/builds/worker-6-tc2/source/Cargo.toml
[INFO] crate crates.io crate up-rs 0.14.1 already has a lockfile, it will not be regenerated
[INFO] running `Command { std: CARGO_HOME="/workspace/cargo-home" RUSTUP_HOME="/workspace/rustup-home" "/workspace/cargo-home/bin/cargo" "+e6e4f7ed1589e03bc2f6c5931c1a72e7947e8682" "fetch" "--manifest-path" "Cargo.toml", kill_on_drop: false }`
[INFO] running `Command { std: "docker" "create" "-v" "/var/lib/crater-agent-workspace/builds/worker-6-tc2/target:/opt/rustwide/target:rw,Z" "-v" "/var/lib/crater-agent-workspace/builds/worker-6-tc2/source:/opt/rustwide/workdir:ro,Z" "-v" "/var/lib/crater-agent-workspace/cargo-home:/opt/rustwide/cargo-home:ro,Z" "-v" "/var/lib/crater-agent-workspace/rustup-home:/opt/rustwide/rustup-home:ro,Z" "-e" "SOURCE_DIR=/opt/rustwide/workdir" "-e" "CARGO_TARGET_DIR=/opt/rustwide/target" "-e" "CARGO_HOME=/opt/rustwide/cargo-home" "-e" "RUSTUP_HOME=/opt/rustwide/rustup-home" "-w" "/opt/rustwide/workdir" "-m" "1610612736" "--user" "0:0" "--network" "none" "ghcr.io/rust-lang/crates-build-env/linux@sha256:19e73879b68f455e41552ea35293514db52ea292d993f571636dbffedb77a1ee" "/opt/rustwide/cargo-home/bin/cargo" "+e6e4f7ed1589e03bc2f6c5931c1a72e7947e8682" "metadata" "--no-deps" "--format-version=1", kill_on_drop: false }`
[INFO] [stdout] a27655266b8d715af3df11bc1bd59f0a2a03104e3beb1c565baea36ab1b7458d
[INFO] running `Command { std: "docker" "start" "-a" "a27655266b8d715af3df11bc1bd59f0a2a03104e3beb1c565baea36ab1b7458d", kill_on_drop: false }`
[INFO] running `Command { std: "docker" "inspect" "a27655266b8d715af3df11bc1bd59f0a2a03104e3beb1c565baea36ab1b7458d", kill_on_drop: false }`
[INFO] running `Command { std: "docker" "rm" "-f" "a27655266b8d715af3df11bc1bd59f0a2a03104e3beb1c565baea36ab1b7458d", kill_on_drop: false }`
[INFO] [stdout] a27655266b8d715af3df11bc1bd59f0a2a03104e3beb1c565baea36ab1b7458d
[INFO] running `Command { std: "docker" "create" "-v" "/var/lib/crater-agent-workspace/builds/worker-6-tc2/target:/opt/rustwide/target:rw,Z" "-v" "/var/lib/crater-agent-workspace/builds/worker-6-tc2/source:/opt/rustwide/workdir:ro,Z" "-v" "/var/lib/crater-agent-workspace/cargo-home:/opt/rustwide/cargo-home:ro,Z" "-v" "/var/lib/crater-agent-workspace/rustup-home:/opt/rustwide/rustup-home:ro,Z" "-e" "SOURCE_DIR=/opt/rustwide/workdir" "-e" "CARGO_TARGET_DIR=/opt/rustwide/target" "-e" "CARGO_INCREMENTAL=0" "-e" "RUST_BACKTRACE=full" "-e" "RUSTFLAGS=--cap-lints=forbid" "-e" "RUSTDOCFLAGS=--cap-lints=forbid" "-e" "CARGO_HOME=/opt/rustwide/cargo-home" "-e" "RUSTUP_HOME=/opt/rustwide/rustup-home" "-w" "/opt/rustwide/workdir" "-m" "1610612736" "--user" "0:0" "--network" "none" "ghcr.io/rust-lang/crates-build-env/linux@sha256:19e73879b68f455e41552ea35293514db52ea292d993f571636dbffedb77a1ee" "/opt/rustwide/cargo-home/bin/cargo" "+e6e4f7ed1589e03bc2f6c5931c1a72e7947e8682" "check" "--frozen" "--all" "--all-targets" "--message-format=json", kill_on_drop: false }`
[INFO] [stdout] 50b35241c80e7ccd94d4b5e4a01c7c415d701969a7d73124274d60b01ceb0fd5
[INFO] running `Command { std: "docker" "start" "-a" "50b35241c80e7ccd94d4b5e4a01c7c415d701969a7d73124274d60b01ceb0fd5", kill_on_drop: false }`
[INFO] [stderr]    Compiling libc v0.2.139
[INFO] [stderr]    Compiling proc-macro2 v1.0.51
[INFO] [stderr]    Compiling syn v1.0.109
[INFO] [stderr]    Compiling pkg-config v0.3.26
[INFO] [stderr]    Compiling serde v1.0.152
[INFO] [stderr]    Compiling futures-core v0.3.26
[INFO] [stderr]     Checking regex-syntax v0.6.28
[INFO] [stderr]     Checking tracing-core v0.1.30
[INFO] [stderr]    Compiling indexmap v1.9.2
[INFO] [stderr]    Compiling futures-channel v0.3.26
[INFO] [stderr]     Checking futures-sink v0.3.26
[INFO] [stderr]    Compiling futures-task v0.3.26
[INFO] [stderr]     Checking aho-corasick v0.7.20
[INFO] [stderr]    Compiling futures-util v0.3.26
[INFO] [stderr]    Compiling tokio v1.26.0
[INFO] [stderr]     Checking futures-io v0.3.26
[INFO] [stderr]    Compiling io-lifetimes v1.0.5
[INFO] [stderr]    Compiling openssl v0.10.45
[INFO] [stderr]    Compiling rustix v0.36.8
[INFO] [stderr]     Checking http v0.2.9
[INFO] [stderr]     Checking linux-raw-sys v0.1.4
[INFO] [stderr]     Checking tracing-log v0.1.3
[INFO] [stderr]     Checking either v1.8.1
[INFO] [stderr]     Checking unicode-bidi v0.3.10
[INFO] [stderr]    Compiling rayon-core v1.10.2
[INFO] [stderr]     Checking os_str_bytes v6.4.1
[INFO] [stderr]    Compiling serde_json v1.0.93
[INFO] [stderr]     Checking itertools v0.10.5
[INFO] [stderr]     Checking crossbeam-channel v0.5.7
[INFO] [stderr]     Checking same-file v1.0.6
[INFO] [stderr]     Checking time-core v0.1.0
[INFO] [stderr]     Checking winnow v0.3.3
[INFO] [stderr]     Checking idna v0.3.0
[INFO] [stderr]     Checking termcolor v1.2.0
[INFO] [stderr]     Checking clap_lex v0.3.2
[INFO] [stderr]    Compiling camino v1.1.3
[INFO] [stderr]     Checking strsim v0.10.0
[INFO] [stderr]    Compiling quote v1.0.23
[INFO] [stderr]     Checking rustc-demangle v0.1.21
[INFO] [stderr]    Compiling anyhow v1.0.69
[INFO] [stderr]     Checking line-wrap v0.1.1
[INFO] [stderr]     Checking walkdir v2.3.2
[INFO] [stderr]    Compiling jobserver v0.1.26
[INFO] [stderr]     Checking time v0.3.20
[INFO] [stderr]     Checking num-integer v0.1.45
[INFO] [stderr]     Checking quick-xml v0.26.0
[INFO] [stderr]     Checking minimal-lexical v0.2.1
[INFO] [stderr]    Compiling proc-macro-error-attr v1.0.4
[INFO] [stderr]    Compiling doc-comment v0.3.3
[INFO] [stderr]     Checking http-body v0.4.5
[INFO] [stderr]    Compiling cc v1.0.79
[INFO] [stderr]     Checking predicates-core v1.0.5
[INFO] [stderr]     Checking iana-time-zone v0.1.53
[INFO] [stderr]     Checking ipnet v2.7.1
[INFO] [stderr]     Checking unsafe-libyaml v0.2.5
[INFO] [stderr]     Checking utf8-width v0.1.6
[INFO] [stderr]     Checking html-escape v0.2.13
[INFO] [stderr]     Checking nom v7.1.3
[INFO] [stderr]     Checking url v2.3.1
[INFO] [stderr]     Checking float-cmp v0.9.0
[INFO] [stderr]     Checking difflib v0.4.0
[INFO] [stderr]     Checking diff v0.1.13
[INFO] [stderr]     Checking normalize-line-endings v0.3.0
[INFO] [stderr]     Checking shell-escape v0.1.5
[INFO] [stderr]     Checking termtree v0.4.0
[INFO] [stderr]     Checking yansi v0.5.1
[INFO] [stderr]     Checking num_cpus v1.15.0
[INFO] [stderr]     Checking mio v0.8.6
[INFO] [stderr]     Checking socket2 v0.4.7
[INFO] [stderr]    Compiling openssl-src v111.25.1+1.1.1t
[INFO] [stderr]     Checking dirs-sys v0.3.7
[INFO] [stderr]     Checking time v0.1.45
[INFO] [stderr]     Checking dirs v4.0.0
[INFO] [stderr]     Checking shared_child v1.0.0
[INFO] [stderr]     Checking parking_lot_core v0.9.7
[INFO] [stderr]     Checking os_pipe v1.1.3
[INFO] [stderr]     Checking shellexpand v3.0.0
[INFO] [stderr]     Checking users v0.11.0
[INFO] [stderr]     Checking duct v0.13.6
[INFO] [stderr]     Checking regex-automata v0.1.10
[INFO] [stderr]     Checking regex v1.7.1
[INFO] [stderr]     Checking chrono v0.4.23
[INFO] [stderr]     Checking dashmap v5.4.0
[INFO] [stderr]     Checking parking_lot v0.12.1
[INFO] [stderr]     Checking rayon v1.6.1
[INFO] [stderr]     Checking pretty_assertions v1.3.0
[INFO] [stderr]     Checking predicates-tree v1.0.7
[INFO] [stderr]     Checking wait-timeout v0.2.0
[INFO] [stderr]    Compiling openssl-sys v0.9.80
[INFO] [stderr]    Compiling libz-sys v1.1.8
[INFO] [stderr]    Compiling libssh2-sys v0.2.23
[INFO] [stderr]    Compiling backtrace v0.3.67
[INFO] [stderr]    Compiling libgit2-sys v0.14.2+1.5.1
[INFO] [stderr]    Compiling ring v0.16.20
[INFO] [stderr]     Checking matchers v0.1.0
[INFO] [stderr]     Checking bstr v1.3.0
[INFO] [stderr]     Checking terminal_size v0.2.5
[INFO] [stderr]     Checking is-terminal v0.4.4
[INFO] [stderr]     Checking predicates v2.1.5
[INFO] [stderr]     Checking darrentsung_debug_parser v0.3.0
[INFO] [stderr]     Checking futures-executor v0.3.26
[INFO] [stderr]     Checking pretty_assertions_sorted v1.2.1
[INFO] [stderr]     Checking globset v0.4.10
[INFO] [stderr]     Checking futures v0.3.26
[INFO] [stderr]     Checking assert_cmd v2.0.8
[INFO] [stderr]     Checking ignore v0.4.20
[INFO] [stderr]    Compiling proc-macro-error v1.0.4
[INFO] [stderr]    Compiling serde_derive v1.0.152
[INFO] [stderr]    Compiling tracing-attributes v0.1.23
[INFO] [stderr]    Compiling openssl-macros v0.1.0
[INFO] [stderr]    Compiling clap_derive v4.1.8
[INFO] [stderr]    Compiling thiserror-impl v1.0.38
[INFO] [stderr]    Compiling displaydoc v0.2.3
[INFO] [stderr]    Compiling serial_test_derive v1.0.0
[INFO] [stderr]    Compiling test-log v0.2.11
[INFO] [stderr]     Checking thiserror v1.0.38
[INFO] [stderr]     Checking serial_test v1.0.0
[INFO] [stderr]     Checking tracing v0.1.37
[INFO] [stderr]     Checking tokio-util v0.7.7
[INFO] [stderr]     Checking tracing-subscriber v0.3.16
[INFO] [stderr]     Checking h2 v0.3.16
[INFO] [stderr]     Checking clap v4.1.8
[INFO] [stderr]     Checking tracing-error v0.2.0
[INFO] [stderr]     Checking color-spantrace v0.2.0
[INFO] [stderr]     Checking color-eyre v0.6.2
[INFO] [stderr]     Checking clap_complete v4.1.4
[INFO] [stderr]     Checking hyper v0.14.24
[INFO] [stderr]     Checking serde_spanned v0.6.1
[INFO] [stderr]     Checking toml_datetime v0.6.1
[INFO] [stderr]     Checking serde_urlencoded v0.7.1
[INFO] [stderr]     Checking serde_yaml v0.9.17
[INFO] [stderr]     Checking envy v0.4.2
[INFO] [stderr]     Checking plist v1.4.1
[INFO] [stderr]     Checking toml_edit v0.19.4
[INFO] [stderr]    Compiling native-tls v0.2.11
[INFO] [stderr]     Checking toml v0.7.2
[INFO] [stderr]     Checking git2 v0.16.1
[INFO] [stderr]     Checking tokio-native-tls v0.3.1
[INFO] [stderr]     Checking hyper-tls v0.5.0
[INFO] [stderr]     Checking reqwest v0.11.14
[INFO] [stderr]     Checking up-rs v0.14.1 (/opt/rustwide/workdir)
[INFO] [stdout] error[E0433]: failed to resolve: use of undeclared crate or module `testutils`
[INFO] [stdout]    --> src/config.rs:227:50
[INFO] [stdout]     |
[INFO] [stdout] 227 |         let fake_home_2 = testutils::fixture_dir(testutils::function_path!())
[INFO] [stdout]     |                                                  ^^^^^^^^^ use of undeclared crate or module `testutils`
[INFO] [stdout] 
[INFO] [stdout] 
[INFO] [stdout] error[E0433]: failed to resolve: use of undeclared crate or module `testutils`
[INFO] [stdout]    --> src/config.rs:225:36
[INFO] [stdout]     |
[INFO] [stdout] 225 |             testutils::fixture_dir(testutils::function_path!()).join("fake_home_dir_with_upconfig");
[INFO] [stdout]     |                                    ^^^^^^^^^ use of undeclared crate or module `testutils`
[INFO] [stdout] 
[INFO] [stdout] 
[INFO] [stdout] error[E0433]: failed to resolve: use of undeclared crate or module `testutils`
[INFO] [stdout]    --> src/config.rs:225:13
[INFO] [stdout]     |
[INFO] [stdout] 225 |             testutils::fixture_dir(testutils::function_path!()).join("fake_home_dir_with_upconfig");
[INFO] [stdout]     |             ^^^^^^^^^ use of undeclared crate or module `testutils`
[INFO] [stdout] 
[INFO] [stdout] 
[INFO] [stdout] error[E0433]: failed to resolve: use of undeclared crate or module `testutils`
[INFO] [stdout]    --> src/config.rs:227:27
[INFO] [stdout]     |
[INFO] [stdout] 227 |         let fake_home_2 = testutils::fixture_dir(testutils::function_path!())
[INFO] [stdout]     |                           ^^^^^^^^^ use of undeclared crate or module `testutils`
[INFO] [stdout] 
[INFO] [stdout] 
[INFO] [stdout] error: aborting due to 4 previous errors
[INFO] [stdout] 
[INFO] [stdout] 
[INFO] [stdout] For more information about this error, try `rustc --explain E0433`.
[INFO] [stdout] 
[INFO] [stderr] error: could not compile `up-rs` (lib test) due to 5 previous errors
[INFO] [stderr] warning: build failed, waiting for other jobs to finish...
[INFO] running `Command { std: "docker" "inspect" "50b35241c80e7ccd94d4b5e4a01c7c415d701969a7d73124274d60b01ceb0fd5", kill_on_drop: false }`
[INFO] running `Command { std: "docker" "rm" "-f" "50b35241c80e7ccd94d4b5e4a01c7c415d701969a7d73124274d60b01ceb0fd5", kill_on_drop: false }`
[INFO] [stdout] 50b35241c80e7ccd94d4b5e4a01c7c415d701969a7d73124274d60b01ceb0fd5
